{"id":25,"date":"2013-09-23T15:18:49","date_gmt":"2013-09-23T15:18:49","guid":{"rendered":"http:\/\/www.huebner-feuerwerk.de\/?page_id=25"},"modified":"2013-10-01T14:21:42","modified_gmt":"2013-10-01T12:21:42","slug":"uber-uns","status":"publish","type":"page","link":"http:\/\/www.huebner-feuerwerk.de\/?page_id=25","title":{"rendered":"\u00dcber uns"},"content":{"rendered":"<p>Das im pf\u00e4lzischen G\u00f6llheim ans\u00e4ssige Unternehmen <strong>Christa H\u00fcbner Feuerwerk<\/strong> bietet seit 1990 als selbst\u00e4ndiger Dienstleister Gro\u00df- und B\u00fchnenfeuerwerke sowie Spezialeffekte in vielen Variationen an.<\/p>\n<p>Eigene Produktentwicklungen und Fertigungseinrichtungen, sowie ein umfangreiches Lager ausgew\u00e4hlter Effekte namhafter Hersteller gew\u00e4hren hohe Flexibilit\u00e4t sowie ein H\u00f6chstmass an Sicherheit, auch bei kurzfristigen Auftr\u00e4gen oder au\u00dfergew\u00f6hnlichen Herausforderungen. Ein ausgew\u00e4hltes Team aus Diplom-Ingenieuren und Technikern steht dem Kunden zur Verf\u00fcgung. Schulungen im Bereich staatlich anerkannter Lehrg\u00e4nge f\u00fcr Pyrotechnik werden seit Jahren von uns technisch betreut.<\/p>\n<p>Pr\u00e4zise koordinierte Musikfeuerwerke im Innen- und Au\u00dfenbereich als Produkt k\u00fcnstlerischer Senibilit\u00e4t und digitaler Steuerungstechnik sind unsere Spezialit\u00e4t. Durch den Einsatz drahtloser Z\u00fcndsysteme werden spektakul\u00e4re Effekte selbst an ungew\u00f6hnlichen Orten m\u00f6glich; modulare Abschussbasen aus eigener Entwicklung lassen dabei Vorbereitungs- und Aufbauzeiten vor Ort auf ein Minimum schrumpfen.<\/p>\n<p>Das Unternehmen stellte bereits in zahlreichen Veranstaltungen im In- und Ausland seine besonderen F\u00e4higkeiten unter Beweis, so z.B. in Sakura \/ Japan 1997 und Stockholm 1998.<\/p>\n<p>Christa H\u00fcbner Feuerwerk<\/p>\n<p>Tel.: 06351 \/ 41248<\/p>\n<p><a href=\"mailto:huebnerfeuerwerk@gmx.de\">huebnerfeuerwerk@gmx.de<\/a><\/p>\n","protected":false},"excerpt":{"rendered":"<p>Das im pf\u00e4lzischen G\u00f6llheim ans\u00e4ssige Unternehmen Christa H\u00fcbner Feuerwerk bietet seit 1990 als selbst\u00e4ndiger Dienstleister Gro\u00df- und B\u00fchnenfeuerwerke sowie Spezialeffekte in vielen Variationen an. Eigene Produktentwicklungen und Fertigungseinrichtungen, sowie ein umfangreiches Lager ausgew\u00e4hlter Effekte namhafter Hersteller gew\u00e4hren hohe Flexibilit\u00e4t sowie<span class=\"ellipsis\">&hellip;<\/span><\/p>\n<div class=\"read-more\"><a href=\"http:\/\/www.huebner-feuerwerk.de\/?page_id=25\">Read more &#8250;<\/a><\/div>\n<p><!-- end of .read-more --><\/p>\n","protected":false},"author":2,"featured_media":153,"parent":0,"menu_order":0,"comment_status":"closed","ping_status":"closed","template":"sidebar-content-half-page.php","meta":{"footnotes":""},"class_list":["post-25","page","type-page","status-publish","has-post-thumbnail","hentry"],"_links":{"self":[{"href":"http:\/\/www.huebner-feuerwerk.de\/index.php?rest_route=\/wp\/v2\/pages\/25","targetHints":{"allow":["GET"]}}],"collection":[{"href":"http:\/\/www.huebner-feuerwerk.de\/index.php?rest_route=\/wp\/v2\/pages"}],"about":[{"href":"http:\/\/www.huebner-feuerwerk.de\/index.php?rest_route=\/wp\/v2\/types\/page"}],"author":[{"embeddable":true,"href":"http:\/\/www.huebner-feuerwerk.de\/index.php?rest_route=\/wp\/v2\/users\/2"}],"replies":[{"embeddable":true,"href":"http:\/\/www.huebner-feuerwerk.de\/index.php?rest_route=%2Fwp%2Fv2%2Fcomments&post=25"}],"version-history":[{"count":48,"href":"http:\/\/www.huebner-feuerwerk.de\/index.php?rest_route=\/wp\/v2\/pages\/25\/revisions"}],"predecessor-version":[{"id":198,"href":"http:\/\/www.huebner-feuerwerk.de\/index.php?rest_route=\/wp\/v2\/pages\/25\/revisions\/198"}],"wp:featuredmedia":[{"embeddable":true,"href":"http:\/\/www.huebner-feuerwerk.de\/index.php?rest_route=\/wp\/v2\/media\/153"}],"wp:attachment":[{"href":"http:\/\/www.huebner-feuerwerk.de\/index.php?rest_route=%2Fwp%2Fv2%2Fmedia&parent=25"}],"curies":[{"name":"wp","href":"https:\/\/api.w.org\/{rel}","templated":true}]}}